{"id":13,"date":"2025-11-28T08:26:52","date_gmt":"2025-11-28T07:26:52","guid":{"rendered":"https:\/\/dostop-ostomaz.splet.arnes.si\/?page_id=13"},"modified":"2025-11-28T14:36:35","modified_gmt":"2025-11-28T13:36:35","slug":"solski-koledar","status":"publish","type":"page","link":"https:\/\/dostop-ostomaz.si\/?page_id=13","title":{"rendered":"\u0160olski koledar"},"content":{"rendered":"\n<h4 class=\"wp-block-heading\"><strong>\u0160olskI koledar 2025\/2026<\/strong><\/h4>\n\n\n\n<p>\u0160olski koledar O\u0160 Sveti Toma\u017e za \u0161olsko leto 2025\/26 je usklajen s \u0161olskim koledarjem za osnovne \u0161ole za \u0161olsko leto 2025\/26, ki ga je sprejel minister za izobra\u017eevanje, znanost in \u0161port. Po \u0161olskem koledarju izdanem s strani ministra ni delovnih sobot. Po sklepu u\u010diteljskega zbora bo delovna sobota na O\u0160 Sveti Toma\u017e: 14. februarja 2026,&nbsp; realizirana kot dan dejavnosti. V \u0161olskem letu 2025\/26 bomo realizirali 190 dni pouka za u\u010dence od 1. do 8. razreda, za u\u010dence 9. razreda pa 183 dni pouka. Zadnji dan pouka za u\u010dence 9. razreda je petek, 13. junija 2025, za vse ostale u\u010dence pa torek, 24. junija 2025.<\/p>\n\n\n\n<figure class=\"wp-block-table\"><table class=\"has-fixed-layout\"><tbody><tr><td><strong>MESECI<\/strong><\/td><td><strong>Dnevi v mesecu<\/strong><\/td><td><strong>SO<\/strong><\/td><td><strong>NE<\/strong><\/td><td><strong>Del. SO<\/strong><\/td><td><strong>Dnevi nadom.<\/strong><\/td><td><strong>Prazniki na delovni dan<\/strong><\/td><td><strong>Delovni dnevi<\/strong><\/td><td><strong>Delovni dnevi + prazniki<\/strong><\/td><td><strong>\u0160tevilo UR v mesecu<\/strong><\/td><td><strong>\u0160tevilo DNI pouka<\/strong><\/td><td><strong>\u0160tevilo pouka prostih dni<\/strong><\/td><td><strong>Kumulativno \u0161tevilo dni pouka<\/strong><\/td><\/tr><tr><td><strong><em>&nbsp;<\/em><\/strong><\/td><td><strong><em>1<\/em><\/strong><\/td><td><em>2<\/em><\/td><td><em>3<\/em><\/td><td><em>4<\/em><\/td><td><em>5<\/em><\/td><td><em>6<\/em><\/td><td><em>7<\/em><\/td><td><em>8<\/em><\/td><td><em>9<\/em><\/td><td><em>10<\/em><\/td><td><em>11<\/em><\/td><td><strong><em>12<\/em><\/strong><\/td><\/tr><tr><td colspan=\"13\"><strong>I. ocenjevalno obdobje<\/strong><\/td><\/tr><tr><td><strong>SEPTEMBER<\/strong><\/td><td><strong>30<\/strong><\/td><td>4<\/td><td>4<\/td><td>0<\/td><td>0<\/td><td>0<\/td><td>22<\/td><td>22<\/td><td>176<\/td><td>22<\/td><td>0<\/td><td><em>22<\/em><\/td><\/tr><tr><td><strong>OKTOBER<\/strong><\/td><td><strong>31<\/strong><\/td><td>4<\/td><td>4<\/td><td>0<\/td><td>0<\/td><td>1<\/td><td>22<\/td><td>23<\/td><td>184<\/td><td>18<\/td><td>4<\/td><td><em>40<\/em><\/td><\/tr><tr><td><strong>NOVEMBER<\/strong><\/td><td><strong>30<\/strong><\/td><td>5<\/td><td>5<\/td><td>0<\/td><td>0<\/td><td>0<\/td><td>20<\/td><td>20<\/td><td>160<\/td><td>20<\/td><td>0<\/td><td><em>60<\/em><\/td><\/tr><tr><td><strong>DECEMBER<\/strong><\/td><td><strong>31<\/strong><\/td><td>4<\/td><td>4<\/td><td>0<\/td><td>0<\/td><td>2<\/td><td>21<\/td><td>23<\/td><td>184<\/td><td>18<\/td><td>3<\/td><td><em>78<\/em><\/td><\/tr><tr><td><strong>JANUAR<\/strong><\/td><td><strong>31<\/strong><\/td><td>5<\/td><td>4<\/td><td>0<\/td><td>0<\/td><td>2<\/td><td>20<\/td><td>22<\/td><td>176<\/td><td>20<\/td><td>0<\/td><td><em>98<\/em><\/td><\/tr><tr><td><strong><em>SKUPAJ<\/em><\/strong><\/td><td><strong><em>153<\/em><\/strong><\/td><td><strong><em>22<\/em><\/strong><\/td><td><strong><em>21<\/em><\/strong><\/td><td><strong><em>0<\/em><\/strong><\/td><td><strong><em>0<\/em><\/strong><\/td><td><strong><em>5<\/em><\/strong><\/td><td><strong><em>105<\/em><\/strong><\/td><td><strong><em>110<\/em><\/strong><\/td><td><strong><em>880<\/em><\/strong><\/td><td><strong><em>98<\/em><\/strong><\/td><td><strong><em>7<\/em><\/strong><\/td><td>&nbsp;<\/td><\/tr><tr><td colspan=\"13\"><strong>II. ocenjevalno obdobje<\/strong><\/td><\/tr><tr><td><strong>FEBRUAR<\/strong><\/td><td><strong>28<\/strong><\/td><td>4<\/td><td>4<\/td><td>0<\/td><td>0<\/td><td>0<\/td><td>20<\/td><td>20<\/td><td>160<\/td><td>15<\/td><td>5<\/td><td>113<\/td><\/tr><tr><td><strong>MAREC<\/strong><\/td><td><strong>31<\/strong><\/td><td>4<\/td><td>5<\/td><td>0<\/td><td>0<\/td><td>0<\/td><td>22<\/td><td>22<\/td><td>176<\/td><td>22<\/td><td>0<\/td><td>135<\/td><\/tr><tr><td><strong>APRIL<\/strong><\/td><td><strong>30<\/strong><\/td><td>4<\/td><td>4<\/td><td>0<\/td><td>0<\/td><td>2<\/td><td>20<\/td><td>22<\/td><td>176<\/td><td>17<\/td><td>3<\/td><td>152<\/td><\/tr><tr><td><strong>MAJ<\/strong><\/td><td><strong>31<\/strong><\/td><td>5<\/td><td>5<\/td><td>0<\/td><td>0<\/td><td>1<\/td><td>20<\/td><td>21<\/td><td>168<\/td><td>20<\/td><td>0<\/td><td>172<\/td><\/tr><tr><td><strong>JUNIJ<\/strong><\/td><td><strong>30<\/strong><\/td><td>4<\/td><td>4<\/td><td>0<\/td><td>0<\/td><td>1<\/td><td>21<\/td><td>22<\/td><td>176<\/td><td>18<\/td><td>3<\/td><td><strong>190<\/strong><\/td><\/tr><tr><td><strong><em>SKUPAJ<\/em><\/strong><\/td><td><strong><em>150<\/em><\/strong><\/td><td><strong><em>21<\/em><\/strong><\/td><td><strong><em>22<\/em><\/strong><\/td><td><strong><em>0<\/em><\/strong><\/td><td><strong><em>0<\/em><\/strong><\/td><td><strong><em>4<\/em><\/strong><\/td><td><strong><em>103<\/em><\/strong><\/td><td><strong><em>107<\/em><\/strong><\/td><td><strong><em>856<\/em><\/strong><\/td><td><strong><em>92<\/em><\/strong><\/td><td><strong><em>11<\/em><\/strong><\/td><td rowspan=\"4\"><strong>&nbsp;<\/strong><\/td><\/tr><tr><td><strong>JULIJ<\/strong><\/td><td><strong>31<\/strong><\/td><td>4<\/td><td>4<\/td><td>0<\/td><td>0<\/td><td>0<\/td><td>23<\/td><td>23<\/td><td>184<\/td><td>0<\/td><td>23<\/td><\/tr><tr><td><strong>AVGUST<\/strong><\/td><td><strong>31<\/strong><\/td><td>5<\/td><td>5<\/td><td>0<\/td><td>0<\/td><td>0<\/td><td>21<\/td><td>21<\/td><td>168<\/td><td>0<\/td><td>21<\/td><\/tr><tr><td><strong>SKUPAJ<\/strong><\/td><td><strong>365<\/strong><\/td><td><strong>52<\/strong><\/td><td><strong>52<\/strong><\/td><td><strong>0<\/strong><\/td><td><strong>0<\/strong><\/td><td><strong>9<\/strong><\/td><td><strong>252<\/strong><\/td><td><strong>261<\/strong><\/td><td><strong>2088<\/strong><\/td><td><strong>190<\/strong><\/td><td><strong>62<\/strong><\/td><\/tr><\/tbody><\/table><\/figure>\n\n\n\n<p>U\u010diteljski zbor je na pedago\u0161ki konferenci, ki je bila 18. 9. 2025 sprejel &nbsp;\u0160olski koledar O\u0160 Sveti Toma\u017e za \u0161olsko leto 2025\/26.&nbsp; Delovna sobota na O\u0160 Sveti Toma\u017e&nbsp; za \u0161olsko leto 2025\/26 je:<\/p>\n\n\n\n<ol start=\"14\" class=\"wp-block-list\">\n<li><strong>2<\/strong>.\u00a0<strong>2026 \u2013 pouk (dan dejavnosti) \u2013 pustna sobota\u00a0<\/strong>, pouka prost dan, 24. 12. 2025.<\/li>\n<\/ol>\n\n\n\n<p><strong>\u0160olske po\u010ditnice in drugi pomembni datumi<\/strong><\/p>\n\n\n\n<figure class=\"wp-block-table\"><table class=\"has-fixed-layout\"><tbody><tr><td>Datum&nbsp;&nbsp;&nbsp;&nbsp;&nbsp;&nbsp;&nbsp;&nbsp;&nbsp;&nbsp;&nbsp;&nbsp;&nbsp;&nbsp;&nbsp;&nbsp;&nbsp;&nbsp;&nbsp;&nbsp;&nbsp;&nbsp;&nbsp;&nbsp;<\/td><td>Aktivnost<\/td><\/tr><tr><td><strong>1.&nbsp;9.<\/strong><\/td><td>za\u010detek pouka<\/td><\/tr><tr><td><strong>27.&nbsp;10.&nbsp;\u2013&nbsp;&nbsp;31.&nbsp;10.<\/strong><\/td><td>jesenske po\u010ditnice<\/td><\/tr><tr><td><strong>31.&nbsp;10.<\/strong><\/td><td>dan reformacije<\/td><\/tr><tr><td><strong>1.&nbsp;11.<\/strong><\/td><td>dan spomina na mrtve<\/td><\/tr><tr><td><strong>25.&nbsp;12.<\/strong><\/td><td>bo\u017ei\u010d<\/td><\/tr><tr><td><strong>26.&nbsp;12.<\/strong><\/td><td>dan samostojnosti in enotnosti<\/td><\/tr><tr><td><strong>25.&nbsp;12.&nbsp;\u2013&nbsp;2.&nbsp;1.<\/strong><\/td><td>novoletne po\u010ditnice<\/td><\/tr><tr><td><strong>1.&nbsp;1.&nbsp;\u2013&nbsp;2.&nbsp;1.<\/strong><\/td><td>novo leto<\/td><\/tr><tr><td><strong>30.&nbsp;1.<\/strong><\/td><td>zaklju\u010dek 1. ocenjevalnega obdobja<\/td><\/tr><tr><td><strong>8.&nbsp;2.<\/strong><\/td><td>Pre\u0161ernov dan, slovenski kulturni praznik<\/td><\/tr><tr><td><strong>13.&nbsp;2&nbsp;\u2013&nbsp;14.&nbsp;2.<\/strong><\/td><td>informativna dneva za vpis v srednje \u0161ole<\/td><\/tr><tr><td><strong>16.&nbsp;2.&nbsp;\u2013&nbsp;20.&nbsp;2.<\/strong><\/td><td>zimske po\u010ditnice za u\u010dence z obmo\u010dja gorenjske, gori\u0161ke, notranjsko-kra\u0161ke, obalno-kra\u0161ke, osrednjeslovenske in zasavske statisti\u010dne regije ter ob\u010din jugovzhodne Slovenije: Ribnica, Sodra\u017eica, Lo\u0161ki Potok, Ko\u010devje, Osilnica in Kostel<\/td><\/tr><tr><td><strong>23.&nbsp;2.&nbsp;\u2013&nbsp;27.&nbsp;2.<\/strong><\/td><td>zimske po\u010ditnice za u\u010dence z obmo\u010dja jugovzhodne Slovenije (razen ob\u010din: Ribnica, Sodra\u017eica, Lo\u0161ki Potok, Ko\u010devje, Osilnica in Kostel), koro\u0161ke, podravske, pomurske, savinjske in posavske statisti\u010dne regije<\/td><\/tr><tr><td><strong>6.&nbsp;4.<\/strong><\/td><td>velikono\u010dni ponedeljek<\/td><\/tr><tr><td><strong>27.&nbsp;4.<\/strong><\/td><td>dan upora proti okupatorju<\/td><\/tr><tr><td><strong>27.&nbsp;4.&nbsp;\u2013&nbsp;1.&nbsp;5.<\/strong><\/td><td>prvomajske po\u010ditnice<\/td><\/tr><tr><td><strong>1.&nbsp;5.&nbsp;\u2013&nbsp;2.&nbsp;5.<\/strong><\/td><td>praznik dela<\/td><\/tr><tr><td><strong>15.&nbsp;6.<\/strong><\/td><td>zaklju\u010dek 2. ocenjevalnega obdobja za u\u010dence 9. razreda; razdelitev spri\u010deval in obvestil<\/td><\/tr><tr><td><strong>24.&nbsp;6.<\/strong><\/td><td>zaklju\u010dek 2. ocenjevalnega obdobja za u\u010dence od 1. do 8. razreda; razdelitev spri\u010deval in obvestil<\/td><\/tr><tr><td><strong>25.&nbsp;6.<\/strong><\/td><td>dan dr\u017eavnosti<\/td><\/tr><tr><td><strong>26.&nbsp;6.&nbsp;\u2013&nbsp;31.&nbsp;8.<\/strong><\/td><td>poletne po\u010ditnice<\/td><\/tr><tr><td colspan=\"2\">&nbsp;<\/td><\/tr><\/tbody><\/table><\/figure>\n\n\n\n<p><strong>Izpitni roki za predmetne in popravne izpite<\/strong><\/p>\n\n\n\n<figure class=\"wp-block-table\"><table class=\"has-fixed-layout\"><tbody><tr><td>Datum<\/td><td>Rok<\/td><td>U\u010denci<\/td><\/tr><tr><td><strong>16. 6. \u2013 30. 6. 2026<\/strong><\/td><td>1. rok<\/td><td>u\u010denci 9. razreda<\/td><\/tr><tr><td><strong>26. 6. \u2013 9. 7. 2026<\/strong><\/td><td>1. rok<\/td><td>u\u010denci od 1. do 8. razreda<\/td><\/tr><tr><td><strong>18. 8. \u2013 31. 8. 2026<\/strong><\/td><td>2. rok<\/td><td>u\u010denci od 1. do 9. razreda<\/td><\/tr><\/tbody><\/table><\/figure>\n\n\n\n<p><strong>Roki za ocenjevanje znanja u\u010dencev, ki se izobra\u017eujejo na domu<\/strong><\/p>\n\n\n\n<figure class=\"wp-block-table\"><table class=\"has-fixed-layout\"><tbody><tr><td>Datum<\/td><td>Rok<\/td><td>U\u010denci<\/td><\/tr><tr><td><strong>2. 2. \u2013 15. 6. 2026<\/strong><\/td><td>1. rok<\/td><td>u\u010denci 9. razreda<\/td><\/tr><tr><td><strong>2. 2. \u2013 24. 6. 2026<\/strong><\/td><td>1. rok<\/td><td>u\u010denci od 1. do 8. razreda<\/td><\/tr><tr><td><strong>18. 8. \u2013 31. 8. 2026<\/strong><\/td><td>2. rok<\/td><td>u\u010denci od 1. do 9. razreda<\/td><\/tr><tr><td colspan=\"3\">&nbsp;<\/td><\/tr><\/tbody><\/table><\/figure>\n\n\n\n<h2 class=\"wp-block-heading\">NACIONALNI PREIZKUSI ZNANJA<\/h2>\n\n\n\n<p>Nacionalno preverjanje znanja je namenjeno u\u010dencem 3., 6. in 9. razreda. Na Dr\u017eavnem izpitnem centru (RIC) so pripravili publikacijo z naslovom Informacije za u\u010dence in star\u0161e, ki je objavljena v elektronski obliki na spletni strani Dr\u017eavnega izpitnega centra (<a href=\"http:\/\/www.ric.si\/\">http:\/\/www.ric.si<\/a>) in na spletni strani \u0161ole. V tem \u0161olskem letu poteka nacionalno preverjanje tudi v 3. razredu. Do sedaj je potekalo nacionalno preverjanje na vzor\u010dnih \u0161olah. Med vzor\u010dnimi \u0161olami je bila vsako leto tudi O\u0160 Sveti Toma\u017e. V 3. razredu poteka NPZ iz dveh predmetov, sloven\u0161\u010dine in matematike. V 6.&nbsp; razredu poteka NPZ iz sloven\u0161\u010dine, matematike in angle\u0161\u010dine, v 9. razredu iz sloven\u0161\u010dine, matematike in tretjega predmeta.<\/p>\n\n\n\n<p>Tretji predmet za na\u0161o \u0161olo: TJA.<\/p>\n\n\n\n<p><strong>Datumi izvedbe nacionalnega preverjanja znanja v osnovni \u0161oli<\/strong><\/p>\n\n\n\n<figure class=\"wp-block-table\"><table class=\"has-fixed-layout\"><tbody><tr><td><strong>Datum<\/strong><\/td><td><strong>Dejavnost<\/strong><\/td><\/tr><tr><td><strong>1.&nbsp;9.&nbsp;2025<\/strong><\/td><td>Objava sklepa o izboru predmetov in dolo\u010ditvi tretjega predmeta, iz katerega se bo na posamezni osnovni \u0161oli preverjalo znanje u\u010dencev v 9. razredu pri NPZ.<\/td><\/tr><tr><td><strong>16.&nbsp;10.&nbsp;2025<\/strong><\/td><td>Zadnji rok za posredovanje podatkov o u\u010dencih 3., 6. in 9. razreda, ki bodo opravljali NPZ.<\/td><\/tr><tr><td><strong>23.&nbsp;3.&nbsp;2026<\/strong><\/td><td>NPZ iz sloven\u0161\u010dine\/italijan\u0161\u010dine\/mad\u017ear\u0161\u010dine za u\u010dence 3., 6. in 9. razreda.<\/td><\/tr><tr><td><strong>25.&nbsp;3.&nbsp;2026<\/strong><\/td><td>NPZ iz tujega jezika za u\u010dence 6. razreda.<br>NPZ iz tretjega predmeta za u\u010dence 9. razreda.<\/td><\/tr><tr><td><strong>31.&nbsp;3.&nbsp;2026<\/strong><\/td><td>NPZ iz matematike za u\u010dence 3., 6. in 9. razreda.<\/td><\/tr><tr><td><strong>21.&nbsp;4.&nbsp;2026<\/strong><\/td><td>RIC posreduje \u0161olam ovrednotene preizkuse znanja z dose\u017eki u\u010dencev pri NPZ v 9. razredu.<br>Seznanitev u\u010dencev z dose\u017eki pri NPZ v 9. razredu.<br>Uveljavljanje pravice do vpogleda v u\u010den\u010deve ovrednotene preizkuse NPZ v 9. razredu.<br>Posredovanje podatkov o zahtevah za ponovno vrednotenje posameznih nalog v preizkusih NPZ v 9. razredu na RIC.<\/td><\/tr><tr><td><strong>22.&nbsp;4.&nbsp;2026<\/strong><\/td><td>Uveljavljanje pravice do vpogleda v u\u010den\u010deve ovrednotene preizkuse NPZ v 9. razredu.<br>Posredovanje podatkov o zahtevah za ponovno vrednotenje posameznih nalog v preizkusih NPZ v 9. razredu na RIC.<\/td><\/tr><tr><td><strong>23.&nbsp;4.&nbsp;2026<\/strong><\/td><td>Uveljavljanje pravice do vpogleda v u\u010den\u010deve ovrednotene preizkuse NPZ v 9. razredu.<br>Posredovanje podatkov o zahtevah za ponovno vrednotenje posameznih nalog v preizkusih NPZ v 9. razredu na RIC.<\/td><\/tr><tr><td><strong>4.&nbsp;5.&nbsp;2026<\/strong><\/td><td>RIC posreduje \u0161olam ovrednotene preizkuse znanja z dose\u017eki u\u010dencev pri NPZ v 6. razredu.<br>Seznanitev u\u010dencev z dose\u017eki pri NPZ v 6. razredu.<br>Uveljavljanje pravice do vpogleda v u\u010den\u010deve ovrednotene preizkuse NPZ v 6. razredu.<br>Posredovanje podatkov o zahtevah za ponovno vrednotenje posameznih nalog v preizkusih NPZ v 6. razredu na RIC.<\/td><\/tr><tr><td><strong>5.&nbsp;5.&nbsp;2026<\/strong><\/td><td>Uveljavljanje pravice do vpogleda v u\u010den\u010deve ovrednotene preizkuse NPZ v 6. razredu.<br>Posredovanje podatkov o zahtevah za ponovno vrednotenje posameznih nalog v preizkusih NPZ v 6. razredu na RIC.<\/td><\/tr><tr><td><strong>6.&nbsp;5.&nbsp;2026<\/strong><\/td><td>Uveljavljanje pravice do vpogleda v u\u010den\u010deve ovrednotene preizkuse NPZ v 6. razredu.<br>Posredovanje podatkov o zahtevah za ponovno vrednotenje posameznih nalog v preizkusih NPZ v 6. razredu na RIC.<\/td><\/tr><tr><td><strong>7.&nbsp;5.&nbsp;2026<\/strong><\/td><td>RIC posreduje \u0161olam ovrednotene preizkuse znanja z dose\u017eki u\u010dencev pri NPZ v 3. razredu.<br>Seznanitev u\u010dencev z dose\u017eki pri NPZ v 3. razredu.<br>Uveljavljanje pravice do vpogleda v u\u010den\u010deve ovrednotene preizkuse NPZ v 3. razredu.<br>Posredovanje podatkov o zahtevah za ponovno vrednotenje posameznih nalog v preizkusih NPZ v 3. razredu na RIC.<\/td><\/tr><tr><td><strong>8.&nbsp;5.&nbsp;2026<\/strong><\/td><td>Uveljavljanje pravice do vpogleda v u\u010den\u010deve ovrednotene preizkuse NPZ v 3. razredu.<br>Posredovanje podatkov o zahtevah za ponovno vrednotenje posameznih nalog v preizkusih NPZ v 3. razredu na RIC.<\/td><\/tr><tr><td><strong>11.&nbsp;5.&nbsp;2026<\/strong><\/td><td>Uveljavljanje pravice do vpogleda v u\u010den\u010deve ovrednotene preizkuse NPZ v 3. razredu.<br>Posredovanje podatkov o zahtevah za ponovno vrednotenje posameznih nalog v preizkusih NPZ v 3. razredu na RIC.<\/td><\/tr><tr><td><strong>12.&nbsp;5.&nbsp;2026<\/strong><\/td><td>RIC posreduje \u0161olam spremembe dose\u017ekov po ponovnem vrednotenju posameznih nalog v preizkusih NPZ v 9. razredu.<\/td><\/tr><tr><td><strong>14.&nbsp;5.&nbsp;2026<\/strong><\/td><td>RIC posreduje \u0161olam spremembe dose\u017ekov po ponovnem vrednotenju posameznih nalog v preizkusih NPZ v 6. razredu.<\/td><\/tr><tr><td><strong>20.&nbsp;5.&nbsp;2026<\/strong><\/td><td>RIC posreduje \u0161olam spremembe dose\u017ekov po ponovnem vrednotenju posameznih nalog v preizkusih NPZ v 3. razredu.<\/td><\/tr><tr><td><strong>15.&nbsp;6.&nbsp;2026<\/strong><\/td><td>Razdelitev zaklju\u010dnih spri\u010deval z dose\u017eki pri NPZ za u\u010dence 9. razreda.<\/td><\/tr><tr><td><strong>24.&nbsp;6.&nbsp;2026<\/strong><\/td><td>Razdelitev obvestil o dose\u017ekih pri NPZ za u\u010dence 3. in 6. razreda.<\/td><\/tr><tr><td colspan=\"2\"><strong>Datumi izvedbe nacionalnega preverjanja znanja v osnovni \u0161oli<\/strong><\/td><\/tr><\/tbody><\/table><\/figure>\n","protected":false},"excerpt":{"rendered":"<p>\u0160olskI koledar 2025\/2026 \u0160olski koledar O\u0160 Sveti Toma\u017e za \u0161olsko leto 2025\/26 je usklajen s \u0161olskim koledarjem za osnovne \u0161ole za \u0161olsko leto 2025\/26, ki ga je sprejel minister za [&hellip;]<\/p>\n","protected":false},"author":735,"featured_media":0,"parent":0,"menu_order":0,"comment_status":"closed","ping_status":"closed","template":"","meta":{"footnotes":""},"class_list":["post-13","page","type-page","status-publish","hentry"],"_links":{"self":[{"href":"https:\/\/dostop-ostomaz.si\/index.php?rest_route=\/wp\/v2\/pages\/13","targetHints":{"allow":["GET"]}}],"collection":[{"href":"https:\/\/dostop-ostomaz.si\/index.php?rest_route=\/wp\/v2\/pages"}],"about":[{"href":"https:\/\/dostop-ostomaz.si\/index.php?rest_route=\/wp\/v2\/types\/page"}],"author":[{"embeddable":true,"href":"https:\/\/dostop-ostomaz.si\/index.php?rest_route=\/wp\/v2\/users\/735"}],"replies":[{"embeddable":true,"href":"https:\/\/dostop-ostomaz.si\/index.php?rest_route=%2Fwp%2Fv2%2Fcomments&post=13"}],"version-history":[{"count":2,"href":"https:\/\/dostop-ostomaz.si\/index.php?rest_route=\/wp\/v2\/pages\/13\/revisions"}],"predecessor-version":[{"id":72,"href":"https:\/\/dostop-ostomaz.si\/index.php?rest_route=\/wp\/v2\/pages\/13\/revisions\/72"}],"wp:attachment":[{"href":"https:\/\/dostop-ostomaz.si\/index.php?rest_route=%2Fwp%2Fv2%2Fmedia&parent=13"}],"curies":[{"name":"wp","href":"https:\/\/api.w.org\/{rel}","templated":true}]}}